14819 composite?
True
Is 89798053 a composite number?
False
Is 9581357 composite?
True
Is 1647923 prime?
False
Is 6518801 composite?
False
Is 110615 a prime number?
False
Is 353285495 composite?
True
Is 7355797 prime?
False
Is 922897 a composite number?
False
Is 87284629 composite?
False
Is 15275471 composite?
False
Is 41911127 prime?
True
Is 9591143 a prime number?
False
Is 19945973 a prime number?
True
Is 91777607 a composite number?
False
Is 21432737 composite?
False
Is 309968479 a composite number?
False
Is 87866939 a prime number?
False
Is 83920349 a composite number?
False
Is 55290691 a prime number?
False
Is 784807 prime?
False
Is 4064831 composite?
False
Is 11306485 prime?
False
Is 10142441 prime?
True
Is 26908913 composite?
False
Is 5046817 a prime number?
True
Is 77016505 composite?
True
Is 1417893 a composite number?
True
Is 10996147 a composite number?
True
Is 517817 prime?
True
Is 56670314 composite?
True
Is 1846771 a prime number?
False
Is 24668669 prime?
False
Is 2212111 composite?
True
Is 4057967 a prime number?
True
Is 1631101 a composite number?
False
Is 17630891 composite?
True
Is 26639423 a composite number?
False
Is 1060421 a prime number?
True
Is 81659 a prime number?
False
Is 3030931 a prime number?
True
Is 59133121 a prime number?
False
Is 993733 a composite number?
True
Is 660515987 a composite number?
False
Is 3415849 prime?
False
Is 883161767 a prime number?
True
Is 19437923 composite?
True
Is 13642089 prime?
False
Is 3705299 a composite number?
True
Is 9904987 prime?
True
Is 4196747 a composite number?
False
Is 16236613 prime?
True
Is 5998121 prime?
True
Is 27773077 composite?
False
Is 66853121 prime?
True
Is 4478137 prime?
True
Is 53243381 a composite number?
False
Is 2983873 a prime number?
True
Is 568163 a composite number?
False
Is 6875549 a composite number?
True
Is 470273 a prime number?
False
Is 341161022 composite?
True
Is 203172877 a prime number?
False
Is 123207713 a composite number?
False
Is 2378191 a composite number?
False
Is 2639561 a prime number?
True
Is 697485683 prime?
True
Is 1044923 a prime number?
False
Is 50780879 a composite number?
False
Is 106008193 a prime number?
True
Is 2819933 a prime number?
True
Is 9914651 a composite number?
True
Is 315910577 a composite number?
False
Is 552647 a composite number?
True
Is 298861067 composite?
False
Is 4938929 composite?
False
Is 34571963 a composite number?
True
Is 159597583 composite?
True
Is 3483971 composite?
True
Is 72445 composite?
True
Is 6869833 prime?
True
Is 2035441 a composite number?
True
Is 166109393 a composite number?
False
Is 57273297 composite?
True
Is 891221 composite?
True
Is 4508197 a composite number?
False
Is 399017911 a composite number?
True
Is 19297 composite?
True
Is 1601917 a prime number?
False
Is 37303243 composite?
True
Is 21695966 prime?
False
Is 36773497 a prime number?
True
Is 229111123 a prime number?
False
Is 787020553 a prime number?
False
Is 517271 composite?
True
Is 23894687 prime?
True
Is 1061461 a prime number?
False
Is 145177 a prime number?
True
Is 23144097 composite?
True
Is 2333087 prime?
True
Is 1308966991 composite?
False
Is 3588703 a composite number?
True
Is 194249999 composite?
True
Is 1141642 composite?
True
Is 8347853 a prime number?
False
Is 1181639 a composite number?
True
Is 9205567 a prime number?
False
Is 142081889 a composite number?
False
Is 4931351 prime?
False
Is 42310327 prime?
True
Is 33369961 composite?
False
Is 36106255 prime?
False
Is 34777829 a composite number?
True
Is 11770333 a prime number?
True
Is 36536527 prime?
True
Is 8351705 a composite number?
True
Is 32260531 a composite number?
False
Is 1105141 prime?
True
Is 2068877 a prime number?
True
Is 745011637 a composite number?
False
Is 277065343 prime?
False
Is 3701417 prime?
True
Is 78355205 composite?
True
Is 8801417 composite?
True
Is 503339 composite?
False
Is 42162097 composite?
True
Is 102927481 composite?
True
Is 70639819 composite?
True
Is 7716203 a composite number?
True
Is 3074483 a prime number?
False
Is 91089703 composite?
True
Is 165323 a composite number?
True
Is 2141597 a prime number?
False
Is 10669123 a composite number?
True
Is 139425949 composite?
True
Is 25327249 a prime number?
True
Is 1523087 composite?
False
Is 21661397 composite?
False
Is 2332411 prime?
False
Is 861395 a composite number?
True
Is 366813509 prime?
True
Is 46477259 composite?
True
Is 30986507 a composite number?
True
Is 357421 a composite number?
False
Is 1030153 a composite number?
False
Is 368023 a composite number?
True
Is 401309 a prime number?
True
Is 16199917 a composite number?
False
Is 4230571 composite?
False
Is 530731 composite?
False
Is 1094503694 prime?
False
Is 32161247 prime?
True
Is 1011391 composite?
False
Is 268874143 composite?
False
Is 1433062483 a prime number?
True
Is 23756515 a composite number?
True
Is 30143 prime?
False
Is 1234147 a composite number?
False
Is 1999193 a prime number?
False
Is 99559 a prime number?
True
Is 2770123 a prime number?
False
Is 780413419 prime?
True
Is 66772429 a composite number?
False
Is 156442829 prime?
True
Is 2241469981 prime?
True
Is 74326187 prime?
False
Is 618535121 prime?
True
Is 40551799 composite?
False
Is 7593119 a composite number?
False
Is 4983103 a composite number?
True
Is 283039531 composite?
True
Is 39082559 a composite number?
False
Is 152977679 prime?
False
Is 17147357 a composite number?
False
Is 81575051 a composite number?
False
Is 34562471 composite?
False
Is 142810321 composite?
True
Is 33709909 a prime number?
False
Is 63892013 composite?
False
Is 5412031 a prime number?
False
Is 9322109 a prime number?
True
Is 11159 a composite number?
False
Is 10077803 prime?
True
Is 4276021 composite?
True
Is 255817213 prime?
False
Is 6765971 a prime number?
False
Is 386439 composite?
True
Is 372474155 composite?
True
Is 9235051 a composite number?
True
Is 1295353 prime?
False
Is 28081819 prime?
True
Is 71266841 composite?
False
Is 990859 a composite number?
True
Is 45686451 prime?
False
Is 31412473 composite?
False
Is 34650199 a prime number?
False
Is 13074241 prime?
False
Is 51720011 a prime number?
False
Is 285725837 prime?
True
Is 3704491 a composite number?
True
Is 31900157 prime?
True
Is 2159497 composite?
False
Is 26191069 a composite number?
False
Is 193329393 a composite number?
True
Is 946661 composite?
False
Is 35810597 a prime number?
True
Is 7378247 prime?
False
Is 757073 prime?
False
Is 11259817 prime?
False
Is 4274033 a composite number?
True
Is 4522303 composite?
False
Is 2518235 a prime number?
False
Is 102223721 a composite number?
True
Is 399043 a prime number?
True
Is 81328915 a prime number?
False
Is 326599853 a prime number?
True
Is 2229521 a prime number?
False
Is 75125209 a prime number?
False
Is 18560513 composite?
True
Is 406412159 a prime number?
False
Is 70998089 a prime number?
True
Is 7047949 a prime number?
False
Is 71845 a composite number?
True
Is 3533169 composite?
True
Is 1698047 prime?
False
Is 19443313 a prime number?
False
Is 212420165 prime?
False
Is 42396953 a prime number?
True
Is 7625543 a prime number?
True
Is 40329347 composite?
False
Is 22645235 prime?
False
Is 9731747 a composite number?
False
Is 13844561 a prime number?
True
Is 11683181 prime?
False
Is 26677397 a prime number?
True
Is 819977 composite?
False
Is 885323 composite?
True
Is 3238117 a prime number?
True
Is 4448371 a prime number?
True
Is 15725057 a prime number?
False
Is 14082407 a composite number?
False
Is 4832053 a composite number?
False
Is 22124159 prime?
True
Is 31538711 a composite number?
False
Is 6436433 a composite number?
True
Is 17875537 prime?
True
Is 20138707 a composite number?
False
Is 17491367 prime?
False
Is 6671879 a prime number?
True
Is 234640389 prime?
False
Is 87103927 a composite number?
False
Is 17575618 prime?
False
Is 60875837 prime?
False
Is 17997905 prime?
False
Is 8808029 a prime number?
True
Is 486823 composite?
True
Is 62185601 composite?
False
Is 252907 prime?
False
Is 58678978 a prime number?
False
Is 35959849 composite?
False
Is 830341495 a prime number?
False
Is 101899817 prime?
False
Is 215393911 prime?
True
Is 56248681 a prime number?
False
Is 1187141 a prime number?
True
Is 43533353 composite?
False
Is 3328609 composite?
True
Is 30